is the greatest common factor of 1 and 1721?
1
What is the highest common factor of 7638 and 116178?
402
Calculate the highest common factor of 292524 and 24.
12
Calculate the highest common divisor of 3477 and 25707.
57
What is the greatest common factor of 18 and 581391?
9
Calculate the greatest common divisor of 96 and 4008.
24
Calculate the greatest common factor of 422444 and 44.
44
What is the greatest common divisor of 664217 and 23?
23
Calculate the greatest common factor of 8257 and 10411.
359
Calculate the greatest common factor of 6161 and 41907.
61
What is the greatest common divisor of 2214 and 10291?
41
What is the highest common divisor of 560 and 3824?
16
Calculate the highest common factor of 1698784 and 32.
32
Calculate the highest common factor of 18 and 7318.
2
What is the highest common divisor of 121 and 22000?
11
Calculate the highest common divisor of 384935 and 1002.
167
What is the highest common divisor of 100 and 6592?
4
What is the highest common factor of 28 and 119182?
14
Calculate the highest common divisor of 40 and 6884.
4
Calculate the highest common divisor of 123 and 17372274.
123
Calculate the highest common divisor of 2532 and 12636.
12
What is the highest common divisor of 232 and 9947?
29
What is the highest common divisor of 65880 and 7015?
305
Calculate the highest common factor of 18012 and 4902.
114
What is the greatest common divisor of 39616 and 78613?
619
Calculate the greatest common factor of 80 and 73000.
40
Calculate the highest common divisor of 59272 and 4154.
62
Calculate the highest common factor of 44492 and 32.
4
Calculate the highest common divisor of 635 and 3710813.
127
Calculate the highest common factor of 257 and 508603.
257
What is the highest common factor of 2923 and 121?
1
Calculate the highest common factor of 38 and 1116326.
38
Calculate the greatest common factor of 5535 and 1927.
41
What is the highest common divisor of 531639 and 171?
171
Calculate the highest common factor of 4064 and 81661.
127
Calculate the greatest common divisor of 229 and 180223.
229
What is the greatest common factor of 16324 and 47432?
308
What is the greatest common divisor of 1819 and 119?
17
Calculate the highest common divisor of 49759 and 425.
17
What is the greatest common divisor of 441 and 21591?
9
Calculate the highest common factor of 606 and 558.
6
Calculate the greatest common factor of 145024 and 264.
88
Calculate the greatest common divisor of 73896 and 108.
12
What is the greatest common factor of 1878 and 3342?
6
Calculate the highest common factor of 495387 and 171.
171
Calculate the highest common divisor of 180 and 27396.
36
Calculate the highest common factor of 2410778 and 1076.
538
Calculate the highest common factor of 10875 and 7500.
375
What is the highest common factor of 578 and 340?
34
What is the greatest common factor of 327543 and 7567?
1081
What is the greatest common factor of 33953 and 95?
19
Calculate the greatest common divisor of 870 and 11850.
30
What is the greatest common divisor of 49997 and 850?
17
Calculate the highest common factor of 1672320 and 670.
670
What is the greatest common factor of 951863 and 44?
11
Calculate the greatest common divisor of 7519 and 10147.
73
What is the highest common factor of 597 and 42188?
199
What is the highest common divisor of 20 and 10152?
4
What is the greatest common factor of 98923 and 34?
17
What is the highest common factor of 672 and 9772?
28
Calculate the highest common divisor of 28 and 3038.
14
What is the greatest common factor of 379 and 644679?
379
Calculate the highest common divisor of 3872 and 296692.
484
Calculate the highest common divisor of 276 and 483612.
12
What is the greatest common factor of 16290 and 576?
18
What is the highest common divisor of 5694 and 1971?
219
What is the highest common factor of 99 and 3971?
11
What is the greatest common divisor of 80 and 186128?
16
What is the greatest common divisor of 114 and 72789?
57
What is the highest common divisor of 6820 and 100254?
682
What is the highest common factor of 342 and 813086?
38
Calculate the greatest common divisor of 532 and 1273.
19
Calculate the greatest common divisor of 972349 and 35.
7
Calculate the highest common factor of 24583 and 13.
13
What is the greatest common factor of 15492 and 6989474?
2582
What is the highest common factor of 6524 and 2828?
28
Calculate the highest common divisor of 202853 and 7.
7
What is the highest common divisor of 11913 and 5709?
33
Calculate the highest common divisor of 2201 and 9083.
31
What is the greatest common divisor of 58788 and 621?
207
Calculate the greatest common factor of 656 and 714138.
82
Calculate the greatest common factor of 1296 and 64.
16
What is the highest common divisor of 6 and 365427?
3
What is the greatest common factor of 263815 and 285?
95
What is the greatest common factor of 648 and 212508?
36
Calculate the greatest common factor of 375 and 14985.
15
What is the greatest common divisor of 4532 and 33372?
412
What is the greatest common factor of 39000 and 52?
52
Calculate the greatest common factor of 153 and 7531.
17
What is the highest common divisor of 2147 and 565?
113
Calculate the highest common divisor of 6386 and 868.
62
What is the greatest common divisor of 284 and 3252?
4
Calculate the greatest common factor of 1800 and 16920.
360
Calculate the highest common factor of 48 and 9872.
16
Calculate the highest common factor of 5596596 and 108.
36
Calculate the greatest common factor of 1925 and 91.
7
Calculate the highest common factor of 71 and 73201.
71
Calculate the greatest common factor of 557034 and 39183.
1059
Calculate the highest common factor of 2261 and 17374.
119
What is the highest common divisor of 518 and 334887?
259
What is the greatest common divisor of 231404 and 820?
164
Calculate the highest common divisor of 28 and 136612.
28
Calculate the highest common factor of 191484 and 4644.
108
What is the highest common factor of 77 and 17677?
11
Calculate the highest common divisor of 16 and 592.
16
What is the greatest common factor of 495578 and 362?
362
Calculate the greatest common divisor of 272 and 680.
136
Calculate the greatest common factor of 545519 and 377.
377
Calculate the greatest common factor of 902590 and 4134.
1378
What is the greatest common factor of 1859 and 71357?
143
What is the greatest common divisor of 1190 and 1360?
170
What is the highest common divisor of 109278 and 6318?
234
Calculate the greatest common divisor of 1599 and 7761.
39
Calculate the greatest common divisor of 60812 and 276.
92
What is the highest common divisor of 4849297 and 23?
23
Calculate the greatest common divisor of 16540 and 395306.
1654
Calculate the highest common factor of 1296 and 255204.
108
Calculate the highest common divisor of 12047 and 2023.
7
Calculate the greatest common divisor of 6052 and 41652.
356
What is the highest common divisor of 245376 and 18?
18
What is the greatest common factor of 5700 and 5016?
228
What is the highest common factor of 562 and 418128?
562
Calculate the highest common divisor of 258 and 579511.
43
Calculate the highest common factor of 186112 and 40.
8
Calculate the highest common divisor of 46 and 372692.
46
What is the highest common factor of 280 and 638840?
40
What is the greatest common factor of 726 and 6380?
22
Calculate the greatest common divisor of 2620 and 12.
4
Calculate the greatest common divisor of 9278702 and 34.
34
What is the highest common divisor of 636804 and 2205?
441
What is the greatest common factor of 54370 and 270?
10
What is the highest common factor of 379536 and 48?
48
Calculate the greatest common factor of 1472135 and 7.
7
Calculate the greatest common factor of 4102 and 18074.
14
What is the greatest common divisor of 9095 and 26095?
85
Calculate the highest common divisor of 2565 and 30020.
95
Calculate the greatest common factor of 8358 and 294.
42
Calculate the greatest common divisor of 360 and 37656.
72
Calculate the greatest common divisor of 325 and 36244.
13
What is the greatest common divisor of 210 and 4130?
70
What is the greatest common divisor of 34113 and 581?
83
What is the greatest common divisor of 71 and 8449?
71
Calculate the greatest common div